 -4*w + 4*f = -w - 7. What is the highest common factor of w and 1?
1
Suppose 0 = 2*q - 6 - 32. Calculate the highest common divisor of 171 and q.
19
Let x = 4 - 4. Let k be 14*(-1)/(-1 + x). What is the greatest common divisor of k and 21?
7
Let u = 19 + -6. What is the highest common divisor of u and 91?
13
Let c(w) = -6*w**3 - 2*w**2 + 3*w - 1. Let f be c(-3). Suppose -3*b - p = -0*p - 446, -b = 4*p - f. Calculate the greatest common factor of 15 and b.
15
Let w(r) = -10*r. Let n be w(-1). What is the highest common factor of 110 and n?
10
Let h(t) = -t**3 + 2*t**2 + t. Let r be h(2). Suppose 35 + 95 = r*q. What is the highest common factor of 26 and q?
13
Suppose -2*w + 3*c = -60, -150 = -5*w - 2*c - 2*c. Calculate the highest common divisor of w and 12.
6
Suppose 5*v = 2*i - 3 + 23, 5*v = i + 20. What is the highest common divisor of 2 and v?
2
Suppose 5*a = 2*a - 213. Let y = -11 - a. Calculate the greatest common divisor of 24 and y.
12
Let b = 6 + 0. Suppose -s - 3*a + 3 = 0, 7*a = 3*s + 2*a - 79. Calculate the highest common divisor of b and s.
6
Let l = -1 + 2. Let w(y) = 20*y. Let v be w(l). What is the highest common factor of 40 and v?
20
Let s = -29 - -35. Calculate the greatest common divisor of 2 and s.
2
Let j be ((-6)/2)/((-3)/(-4)). Let v = j + 11. Let d(a) = -34*a - 149. Let c be d(-5). Calculate the highest common divisor of v and c.
7
Suppose -5*x - 4*o + 114 = 0, -3*x + 3*o = 13 - 76. Let h = 22 - -22. Calculate the greatest common divisor of h and x.
22
Let r = 116 - -10. What is the highest common factor of 14 and r?
14
Let z(o) = -3*o + 12. Let t be z(-7). What is the highest common factor of 363 and t?
33
Suppose a + 81 = 4*a. What is the greatest common divisor of a and 9?
9
Let u(s) = 10*s + 6. Let h be u(6). Calculate the greatest common factor of h and 6.
6
Let o(x) = 26*x + 2. Let i be o(1). Calculate the greatest common divisor of 70 and i.
14
Suppose -2*d - 2*o + 24 = 0, -d - 3*o = -3*d + 34. Calculate the highest common divisor of 42 and d.
14
Suppose -2*q - 2 = 10. Let x = 18 + q. What is the greatest common factor of 6 and x?
6
Suppose 0 = -2*p + 5*p - 9. Suppose -5*n = 3*y + y - 435, 3*y - p*n - 333 = 0. What is the highest common factor of y and 10?
10
Let w(z) = -125*z + 5. Let a be w(-5). Suppose 5*o - a = -0*o. What is the greatest common divisor of 14 and o?
14
Let x be ((-84)/(-35))/(4/10). Let d be 20/(-45) + 85/9. What is the greatest common divisor of d and x?
3
Let l = 41 + -9. Calculate the greatest common divisor of l and 16.
16
Let i be (6/(-18))/((-1)/9). Let k = i + 10. Suppose 0*z + 195 = 5*z. What is the highest common divisor of z and k?
13
Let w(l) = l**3 - 11*l**2 + 12*l - 14. Let k be w(10). What is the greatest common factor of k and 30?
6
Suppose 3*d - 6*d = 0. Let l = d + 5. Let h(p) = -p + 7. Let t be h(l). What is the highest common factor of t and 16?
2
Suppose 2*l - 12 = -2*l. Suppose 0 = -5*x + l*x + 32. What is the greatest common divisor of 144 and x?
16
Let w = 5 + -1. Suppose -2*r = r, w*r + 8 = 4*u. Let t be (4/u - 3) + 15. Calculate the greatest common divisor of t and 112.
14
Suppose 6*g - g + 5*k - 650 = 0, -3*g - k = -396. What is the greatest common factor of 19 and g?
19
Let p(b) = b - 2. Let r be p(-3). Let f = r - -9. Suppose 0 = -f*g + 2*g + 4*l + 32, -3*g + 28 = -l. Calculate the greatest common divisor of g and 20.
4
Suppose -r = -4*r + 126. Calculate the greatest common factor of r and 7.
7
Let p be 24*1/(-4)*2/(-1). Calculate the greatest common divisor of 4 and p.
4
Let t = -20 - -38. Let l = 11 + -6. Suppose 0*b = -2*x - 5*b + 4, -2 = -x - l*b. What is the greatest common factor of x and t?
2
Let x be (4/(-8))/((-3)/18). Suppose -g - x = -2*d - 57, -2*g + 92 = 4*d. What is the greatest common divisor of 20 and g?
10
Let a(l) = -l**2 - 7*l - 6. Let d be a(-4). Let t be 2/d*2*12. What is the highest common factor of 8 and t?
8
Suppose 0 = 2*j + 4*f - 22, -5*j + 24 = 5*f - 26. Let o = 38 - 15. Let c = o - j. What is the highest common factor of c and 14?
14
Suppose -5*v - 3*p = -42, 5*p - 2 = v - 16. Suppose b + 4 = v. Suppose 3*i - b - 1 = 0. What is the greatest common divisor of 10 and i?
2
Suppose -87 = 2*h - 3*h + 5*u, 0 = 2*h + 2*u - 234. What is the highest common divisor of 14 and h?
14
Suppose 0*l + l - 1 = z, 5*z + 2*l - 23 = 0. Suppose 4*c - 41 = -5*f + 56, 0 = -2*f - 2*c + 38. What is the greatest common divisor of z and f?
3
Suppose 25 = x + 5*z, 2*z - 43 = -x - 6. What is the greatest common factor of x and 30?
15
Let a(v) = v + 1. Let t(k) = 5. Let n(b) = a(b) + t(b). Let z be n(8). What is the greatest common divisor of z and 2?
2
Let h(i) = i**3 + 12*i**2 - 5*i + 6. Let f be h(-12). What is the greatest common factor of f and 22?
22
Let q be (1/1 + -1)*1. Let o(d) = d**3 + d**2 - 41. Let v be o(q). Let g = v - -63. Calculate the highest common factor of g and 2.
2
Let r = -70 + 125. Let m(l) = 21*l**2 + 1. Let i be m(1). Calculate the greatest common divisor of r and i.
11
Let t = 11 - 16. Let c = t + 9. Calculate the highest common factor of c and 24.
4
Let v(m) = 2*m**2 - 8*m + 24. Let w be v(8). Let p = 13 + -8. Let j = p + 3. Calculate the greatest common divisor of w and j.
8
Suppose 5*m = m - 20. Let s = m + 2. Let r be (2/4)/(s/(-72)). Calculate the highest common divisor of 108 and r.
12
Let r(l) = -l**2 - 3*l + 62. Let q be r(0). Calculate the greatest common divisor of 31 and q.
31
Suppose -2*f + 20 = 3*f, -3*f - 23 = -i. Let n be 360/i - 2/7. What is the highest common divisor of n and 2?
2
Let i(j) = -j**3 + 7*j**2 - 5*j - 3. Let w be i(6). Suppose w*c = 2*c + 11. Let s = 9 - 8. What is the greatest common divisor of c and s?
1
Suppose -2*w + 7*m - 3*m = -218, -3*m = -4*w + 456. What is the greatest common divisor of w and 13?
13
Let k be (-34)/(-3) + 2/(-6). Let z(i) = 5 + 3*i + i**2 + 1 + 1 - 4*i**3 - 4. Let v be z(-2). Calculate the highest common divisor of k and v.
11
Suppose 0 = 3*j - 15 - 69. Suppose 2 + j = 3*b. Suppose 3*x + 5 = 4*x. What is the highest common divisor of x and b?
5
Let g = -144 - -200. What is the greatest common divisor of 32 and g?
8
Let w be (-1)/((1 - 1) + 1). Let d = w + 4. Suppose -n = -d*n + 30. What is the highest common divisor of n and 60?
15
Suppose -u + 4 = -0*u. Let m(p) = 5*p + 4. Let s be m(u). Calculate the greatest common divisor of s and 216.
24
Let r(o) = -o**2 - o + 8. Let h(y) = -y - 16. Let c be h(-10). Let d be r(c). Let k be (-106)/d + 2/11. Calculate the greatest common divisor of 15 and k.
5
Let d(l) = -l**2 + 7*l + 5. Let t be d(7). Suppose -7*v + t*v = -28. Calculate the greatest common factor of v and 112.
14
Let f = 94 + -147. Let x = f + 89. Calculate the highest common divisor of 9 and x.
9
Let r(m) be the first derivative of -1/2*m**2 - m**3 + 3/4*m**4 - 2 + 2*m. Let w be r(2). What is the greatest common factor of 48 and w?
12
Suppose 3*o - 5*b - 76 = -24, 4*o - 5*b - 66 = 0. What is the highest common factor of o and 7?
7
Let b be (0 + 20/8)*4. Calculate the greatest common factor of b and 40.
10
Let f = -6 + 11. Let d = f + -1. Calculate the greatest common factor of d and 16.
4
Let b = -22 - -58. What is the highest common divisor of 18 and b?
18
Let o = 3 + -10. Let f(t) = -t**3 - 8*t**2 - 6*t + 8. Let k be f(o). Let z be 2/(-8) - (-58)/8. What is the greatest common factor of z and k?
1
Suppose 2*d = 2*j + 4 - 12, -4*d + 38 = 5*j. Let x = j - 6. Suppose 2*o + 6 = x, 2*r - 3*o - 18 = 7. Calculate the greatest common divisor of r and 4.
4
Let b be (1 + 0/2)*4. Let q = b + -4. Suppose q = -3*l - 3*h + 24, h + 22 = 4*l. Calculate the greatest common factor of 30 and l.
6
Let u(l) = 35*l**2 - 3*l + 1. Let w(q) = q - 3. Let i be w(5). Let f be u(i). Calculate the highest common divisor of 27 and f.
27
Suppose 0 = 5*k - 156 + 21. Calculate the highest common divisor of k and 18.
9
Let i = -7 + 14. Calculate the greatest common factor of i and 1.
1
Suppose -9 = -y + 35. Calculate the greatest common factor of 4 and y.
4
Suppose -5*t + 388 = -3*v, -t + 3*t - 5*v - 140 = 0. What is the greatest common divisor of 120 and t?
40
Let h(t) = -23*t + 1. Let m be h(1). Let g be m*(5/(-2) - -1). Let c = 104 - 93. Calculate the greatest common divisor of g and c.
11
Let g = 125 - 41